{"id":18,"date":"2024-11-25T19:12:32","date_gmt":"2024-11-25T19:12:32","guid":{"rendered":"https:\/\/agenciaferrerpalacios.com\/desarrollo\/home\/"},"modified":"2025-07-14T16:37:20","modified_gmt":"2025-07-14T16:37:20","slug":"18-2","status":"publish","type":"page","link":"https:\/\/agenciaferrerpalacios.com\/inicio\/","title":{"rendered":"Inicio"},"content":{"rendered":"\n\n\n\n\u00abLiderando el mercado inmobiliario en Venezuela\u00bb\n\nM\u00e1s de 72 a\u00f1os de experiencia y confianza.\n<span style=\"color: rgb(255, 255, 255); font-size: small; font-weight: 400; text-decoration-style: initial;\">En la&nbsp;<span style=\"font-weight: bolder;\">Agencia Ferrer Palacios<\/span>, te ofrecemos una&nbsp;<span style=\"font-weight: bolder;\">gesti\u00f3n&nbsp;<\/span><\/span><span style=\"color: rgb(255, 255, 255); font-size: small; font-weight: 400; text-decoration-style: initial;\"><span style=\"font-weight: bolder;\">de excelencia<\/span>, respald<\/span><span style=\"color: rgb(255, 255, 255); font-size: small; font-weight: 400; text-decoration-style: initial;\">ada por d\u00e9cadas de profesionalismo. Nos especializamos en la<span style=\"font-weight: bolder;\">&nbsp;administraci\u00f3n y alquiler de inmuebles<\/span>, garantizando tranqu<\/span><span style=\"color: rgb(255, 255, 255); font-size: small; font-weight: 400; text-decoration-style: initial;\">ilidad y resultados efectivos.<\/span>\n<p style=\"font-size: large; text-align: center; font-family: Montserrat; color: rgb(255, 255, 255);\"><span style=\"text-align: center;\">En la <strong>Agencia Ferrer Palacios<\/strong>, te ofrecemos una <strong>gesti\u00f3n&nbsp;<\/strong><\/span><span style=\"text-align: center;\"><strong>de excelencia<\/strong>, respald<\/span><span style=\"text-align: center;\">ada por d\u00e9cadas de profesionalismo. Nos especializamos en la<strong> administraci\u00f3n y alquiler de inmuebles<\/strong>, garantizando tranqu<\/span><span style=\"text-align: center;\">ilidad y resultados efectivos.<\/span><\/p>\n\n\n\n\n\n\n\n\u00abLiderando el mercado inmobiliario en Venezuela\u00bb\nM\u00e1s de 72 a\u00f1os de experiencia y confianza.\n<span style=\"text-decoration-style: initial;\">En la&nbsp;Agencia Ferrer Palacios, te ofrecemos una&nbsp;gesti\u00f3n&nbsp;<\/span><span style=\"text-decoration-style: initial;\">de excelencia, respald<\/span><span style=\"text-decoration-style: initial;\">ada por d\u00e9cadas de profesionalismo. Nos especializamos en la&nbsp;administraci\u00f3n y alquiler de inmuebles, garantizando tranqu<\/span><span style=\"text-decoration-style: initial;\">ilidad y resultados efectivos.<\/span>\n<p style=\"font-size: small; text-align: center; font-family: Montserrat; color: rgb(255, 255, 255);\"><span style=\"text-align: center;\">En la <strong>Agencia Ferrer Palacios<\/strong>, te ofrecemos una <strong>gesti\u00f3n&nbsp;<\/strong><\/span><span style=\"text-align: center;\"><strong>de excelencia<\/strong>, respald<\/span><span style=\"text-align: center;\">ada por d\u00e9cadas de profesionalismo. Nos especializamos en la<strong> administraci\u00f3n y alquiler de inmuebles<\/strong>, garantizando tranqu<\/span><span style=\"text-align: center;\">ilidad y resultados efectivos.<\/span><\/p>\n\n\n\n\n\n\n\n<h2 style=\"color: rgb(68, 68, 68);\">Nuestros Servicios<\/h2>\n<p style=\"text-align: center;\"><span style=\"font-size: small; line-height: 107%; font-family: Montserrat;\">Con\nun enfoque innovador y personalizado, ofrecemos una gama de servicios que\ncubren todas las necesidades inmobiliarias.<\/span><\/p>\n<p style=\"text-align: center;\"><span style=\"font-size: large; line-height: 107%; font-family: Montserrat;\">Con\nun enfoque innovador y personalizado, ofrecemos una gama de servicios que\ncubren todas las necesidades inmobiliarias.<\/span><\/p>\n\n\n\n\n\n\n\n\n\n\n\n\n\n\n\n\n\n\n\n\n\n\n<p class=\"MsoNormal\"><strong>Agencia Ferrer Palacios, C.A. &#8211; Rif. No. J-00000500-1 <\/strong><\/p>\n<p class=\"MsoNormal\"><strong>Qui\u00e9nes Somos<\/strong><\/p>\n<p class=\"MsoNormal\">\u00abUn legado de confianza y compromiso\ninmobiliario.\u00bb<o:p><\/o:p><\/p>\n<p class=\"MsoNormal\"><span style=\"font-size: large; font-weight: 400; text-decoration-style: initial;\">Desde&nbsp;<\/span><span style=\"font-size: large; text-decoration-style: initial;\"><strong>1952<\/strong><\/span><span style=\"font-size: large; font-weight: 400; text-decoration-style: initial;\">, la<\/span><span style=\"font-weight: bolder; font-size: large; text-decoration-style: initial;\">&nbsp;Agencia Ferrer Palacios<\/span><span style=\"font-size: large; font-weight: 400; text-decoration-style: initial;\">&nbsp;ha sido un<\/span><span style=\"font-weight: bolder; font-size: large; text-decoration-style: initial;\">&nbsp;pilar en el mercado inmobiliario de Caracas<\/span><span style=\"font-size: large; font-weight: 400; text-decoration-style: initial;\">. Nuestra misi\u00f3n es brindar soluciones efectivas que simplifiquen la vida de propietarios e inquilinos, siempre respaldados por una \u00e9tica s\u00f3lida y un enfoque orientado al cliente.<\/span><\/p>\n\n\n\n\n\n<p class=\"MsoNormal\"><b>Qui\u00e9nes Somos<\/b><\/p>\n<p class=\"MsoNormal\">\u00abUn legado de confianza y compromiso\ninmobiliario.\u00bb<o:p><\/o:p><\/p>\n<p class=\"MsoNormal\"><span style=\"font-size: large; font-weight: 400; text-decoration-style: initial;\">Desde&nbsp;<\/span><span style=\"font-size: large; text-decoration-style: initial;\"><strong>1948<\/strong><\/span><span style=\"font-size: large; font-weight: 400; text-decoration-style: initial;\">, la<\/span><span style=\"font-weight: bolder; font-size: large; text-decoration-style: initial;\">&nbsp;Agencia Ferrer Palacios<\/span><span style=\"font-size: large; font-weight: 400; text-decoration-style: initial;\">&nbsp;ha sido un<\/span><span style=\"font-weight: bolder; font-size: large; text-decoration-style: initial;\">&nbsp;pilar en el mercado inmobiliario de Caracas<\/span><span style=\"font-size: large; font-weight: 400; text-decoration-style: initial;\">. Nuestra misi\u00f3n es brindar soluciones efectivas que simplifiquen la vida de propietarios e inquilinos, siempre respaldados por una \u00e9tica s\u00f3lida y un enfoque orientado al cliente.<\/span><\/p>\n\n\n\n","protected":false},"excerpt":{"rendered":"","protected":false},"author":1,"featured_media":0,"parent":0,"menu_order":0,"comment_status":"closed","ping_status":"closed","template":"","meta":{"_siteseo_robots_primary_cat":"","pagelayer_contact_templates":[],"_pagelayer_content":"","footnotes":""},"class_list":["post-18","page","type-page","status-publish","hentry"],"_links":{"self":[{"href":"https:\/\/agenciaferrerpalacios.com\/inicio\/wp-json\/wp\/v2\/pages\/18","targetHints":{"allow":["GET"]}}],"collection":[{"href":"https:\/\/agenciaferrerpalacios.com\/inicio\/wp-json\/wp\/v2\/pages"}],"about":[{"href":"https:\/\/agenciaferrerpalacios.com\/inicio\/wp-json\/wp\/v2\/types\/page"}],"author":[{"embeddable":true,"href":"https:\/\/agenciaferrerpalacios.com\/inicio\/wp-json\/wp\/v2\/users\/1"}],"replies":[{"embeddable":true,"href":"https:\/\/agenciaferrerpalacios.com\/inicio\/wp-json\/wp\/v2\/comments?post=18"}],"version-history":[{"count":233,"href":"https:\/\/agenciaferrerpalacios.com\/inicio\/wp-json\/wp\/v2\/pages\/18\/revisions"}],"predecessor-version":[{"id":996,"href":"https:\/\/agenciaferrerpalacios.com\/inicio\/wp-json\/wp\/v2\/pages\/18\/revisions\/996"}],"wp:attachment":[{"href":"https:\/\/agenciaferrerpalacios.com\/inicio\/wp-json\/wp\/v2\/media?parent=18"}],"curies":[{"name":"wp","href":"https:\/\/api.w.org\/{rel}","templated":true}]}}